ate the highest common factor of 309820 and 280.
140
What is the greatest common divisor of 72017 and 308?
11
What is the greatest common factor of 14698367 and 197?
197
What is the greatest common divisor of 195911 and 409?
409
What is the greatest common divisor of 208 and 1319344?
208
What is the greatest common factor of 56571 and 1308?
327
What is the highest common divisor of 792 and 1719?
9
What is the greatest common factor of 32 and 8302688?
32
What is the highest common factor of 1496 and 1188?
44
What is the greatest common factor of 107 and 1305?
1
Calculate the highest common factor of 1166 and 20.
2
What is the highest common factor of 234394 and 326?
326
What is the greatest common factor of 15334652 and 184?
92
Calculate the highest common divisor of 2030 and 3687292.
406
Calculate the greatest common divisor of 16 and 69360.
16
Calculate the greatest common factor of 96 and 15702.
6
Calculate the greatest common factor of 2187 and 875529.
729
Calculate the highest common divisor of 2175600 and 525.
525
What is the highest common factor of 355740 and 98?
98
What is the greatest common divisor of 22 and 234058?
22
What is the highest common factor of 216 and 753516?
108
What is the highest common factor of 2128 and 2576?
112
What is the highest common factor of 20757 and 15147?
561
Calculate the highest common divisor of 115 and 37421.
23
What is the greatest common divisor of 26598 and 3894?
66
What is the highest common divisor of 696760 and 10?
10
Calculate the highest common factor of 53 and 2146977.
53
What is the greatest common divisor of 3411624 and 48?
24
What is the greatest common divisor of 340 and 15100?
20
What is the greatest common factor of 3737 and 73528?
101
What is the greatest common divisor of 302990 and 410?
410
What is the highest common factor of 695406 and 3?
3
What is the highest common factor of 14964 and 5676?
516
What is the greatest common divisor of 35904 and 306?
102
What is the greatest common factor of 420 and 1144668?
84
What is the highest common factor of 481 and 6071?
13
Calculate the greatest common factor of 16700 and 10900.
100
Calculate the greatest common factor of 48269 and 39715.
611
What is the highest common factor of 21630 and 2415?
105
What is the highest common factor of 400007 and 185?
37
Calculate the highest common factor of 377 and 922693.
29
What is the highest common divisor of 77 and 17171?
77
What is the greatest common divisor of 8088899 and 13?
13
What is the highest common factor of 7591878 and 9?
9
Calculate the highest common divisor of 168811 and 223.
223
Calculate the greatest common divisor of 442 and 11934.
442
What is the greatest common factor of 268 and 32?
4
What is the greatest common factor of 3150 and 22400?
350
What is the greatest common factor of 2412 and 495?
9
What is the greatest common factor of 983 and 1614086?
983
What is the highest common divisor of 1280 and 6960?
80
What is the greatest common divisor of 34470 and 3042?
18
Calculate the greatest common divisor of 75984 and 960.
48
What is the highest common factor of 8209646 and 86?
86
Calculate the highest common divisor of 7712 and 160.
32
What is the greatest common factor of 433 and 32475?
433
Calculate the greatest common factor of 203 and 21808.
29
Calculate the greatest common divisor of 39325 and 1287.
143
What is the highest common divisor of 396 and 114012?
36
What is the highest common factor of 2 and 162513?
1
Calculate the greatest common divisor of 762 and 964311.
381
Calculate the greatest common factor of 10252 and 308.
44
Calculate the greatest common factor of 310 and 1085.
155
What is the highest common factor of 7984 and 512?
16
Calculate the highest common divisor of 6973 and 1835.
367
Calculate the highest common factor of 90 and 1416105.
45
What is the highest common factor of 22561 and 879?
293
What is the highest common factor of 44 and 4100602?
22
Calculate the highest common factor of 61584 and 432.
48
Calculate the greatest common divisor of 144320 and 2480.
80
What is the greatest common divisor of 12596 and 21842?
134
What is the highest common factor of 566820 and 4700?
940
Calculate the greatest common factor of 190 and 2839550.
190
Calculate the highest common divisor of 133 and 30191.
133
Calculate the highest common factor of 48 and 62412.
12
Calculate the highest common divisor of 1742 and 13400.
134
Calculate the greatest common factor of 84 and 351252.
12
Calculate the highest common factor of 7714187 and 13.
13
What is the highest common divisor of 23600 and 320?
80
What is the highest common divisor of 666150 and 150?
150
What is the highest common divisor of 77 and 1365?
7
Calculate the highest common factor of 758444 and 4064.
508
Calculate the highest common divisor of 245601 and 348.
87
Calculate the highest common factor of 977368 and 24.
8
Calculate the greatest common factor of 411558 and 210.
42
What is the highest common factor of 1561 and 408313?
223
Calculate the highest common divisor of 3654 and 52200.
522
Calculate the greatest common factor of 16164 and 44002.
898
Calculate the greatest common factor of 1740 and 169215.
435
Calculate the greatest common divisor of 823 and 1013113.
823
What is the highest common divisor of 52266 and 558?
186
Calculate the highest common divisor of 7879 and 1.
1
Calculate the greatest common factor of 2223 and 63441.
171
What is the highest common divisor of 2106 and 28002?
78
Calculate the highest common factor of 2852 and 167256.
92
Calculate the greatest common factor of 3904 and 8656.
16
What is the highest common factor of 280 and 1625960?
280
What is the highest common divisor of 15981 and 63?
21
What is the greatest common factor of 958 and 762089?
479
What is the greatest common factor of 53124 and 12084?
228
Calculate the highest common divisor of 2276264 and 178.
178
Calculate the highest common divisor of 2040 and 149160.
120
What is the greatest common factor of 169354 and 272?
34
What is the highest common divisor of 232 and 214397?
29
What is the highest common factor of 65698 and 17120?
214
Calculate the greatest common factor of 56565 and 540.
135
What is the greatest common divisor of 6 and 832074?
6
What is the greatest common factor of 165452 and 684?
76
What is the highest common divisor of 92 and 2565788?
92
What is the highest common divisor of 1026 and 114?
114
Calculate the highest common factor of 9269 and 16523.
403
What is the greatest common divisor of 1300936 and 91?
91
Calculate the greatest common divisor of 11523456 and 288.
288
What is the highest common factor of 20552 and 224?
56
What is the greatest common factor of 14 and 128114?
14
Calculate the greatest common factor of 214658 and 4.
2
Calculate the highest common divisor of 174 and 7957716.
174
Calculate the highest common factor of 159277 and 332.
83
Calculate the highest common factor of 273 and 201929.
91
Calculate the highest common divisor of 4897 and 1416.
59
What is the greatest common divisor of 44 and 970706?
22
Calculate the greatest common divisor of 195 and 5881980.
195
Calculate the highest common factor of 16054 and 2806.
46
Calculate the greatest common factor of 34 and 2306.
2
What is the greatest common divisor of 56112 and 12?
12
Calculate the greatest common divisor of 588256 and 496.
496
What is the greatest common divisor of 1952 and 53558?
122
What is the highest common factor of 1920 and 8?
8
Calculate the greatest common factor of 48 and 36272.
16
What is the greatest common divisor of 438 and 13724?
146
What is the highest common factor of 86507 and 314?
157
What is the highest common divisor of 105 and 14455?
35
Calculate the greatest common factor of 30 and 3296175.
15
Calculate the highest common factor of 21670 and 440.
110
What is the highest common divisor of 259 and 1603?
7
Calculate the highest common factor of 1656 and 1008.
72
Calculate the highest common factor of 24243 and 60.
3
Calculate the highest common divisor of 2930750 and 38.
38
Calculate the greatest common divisor of 40 and 3245.
5
Calculate the greatest common factor of 10756 and 164.
4
What is the highest common divisor of 3645 and 1593?
27
What is the greatest common factor of 940323 and 93?
93
What is the greatest